{"id":10,"date":"2025-08-12T19:00:31","date_gmt":"2025-08-12T17:00:31","guid":{"rendered":"https:\/\/serwer377463.lh.pl\/autoinstalator\/serwer377463.lh.pl\/wordpress131071\/?page_id=10"},"modified":"2025-08-28T20:13:37","modified_gmt":"2025-08-28T18:13:37","slug":"strona-glowna","status":"publish","type":"page","link":"https:\/\/mywellosophy.pl\/","title":{"rendered":"Strona g\u0142\u00f3wna"},"content":{"rendered":"\n<p>\u017byjesz pi\u0119knie, gdy jeste\u015b w harmonii ze sob\u0105.<\/p>\n\n\n\n<p>Pomog\u0119 Tobie znale\u017a\u0107 i utrzyma\u0107 r\u00f3wnowag\u0119 &lt;3<\/p>\n\n\n\n<p>Dzi\u0119ki Wellosophy odzyskasz rado\u015b\u0107, wdzi\u0119czno\u015b\u0107 i pozytywn\u0105 energi\u0119<\/p>\n\n\n\n<p>B\u0105d\u017a sob\u0105! \u017byj Wellosophy!<\/p>\n","protected":false},"excerpt":{"rendered":"<p>\u017byjesz pi\u0119knie, gdy jeste\u015b w harmonii ze sob\u0105. Pomog\u0119 Tobie znale\u017a\u0107 i utrzyma\u0107 r\u00f3wnowag\u0119 &lt;3 Dzi\u0119ki Wellosophy odzyskasz rado\u015b\u0107, wdzi\u0119czno\u015b\u0107 i pozytywn\u0105 energi\u0119 B\u0105d\u017a sob\u0105! \u017byj Wellosophy!<\/p>\n","protected":false},"author":1,"featured_media":0,"parent":0,"menu_order":0,"comment_status":"closed","ping_status":"closed","template":"","meta":{"footnotes":""},"class_list":["post-10","page","type-page","status-publish","hentry"],"yoast_head":"<!-- This site is optimized with the Yoast SEO plugin v25.8 - https:\/\/yoast.com\/wordpress\/plugins\/seo\/ -->\n<title>Strona g\u0142\u00f3wna - mywellosophy<\/title>\n<meta name=\"robots\" content=\"index, follow, max-snippet:-1, max-image-preview:large, max-video-preview:-1\" \/>\n<link rel=\"canonical\" href=\"http:\/\/mywellosophy.pl\/\" \/>\n<meta property=\"og:locale\" content=\"pl_PL\" \/>\n<meta property=\"og:type\" content=\"article\" \/>\n<meta property=\"og:title\" content=\"Strona g\u0142\u00f3wna - mywellosophy\" \/>\n<meta property=\"og:description\" content=\"\u017byjesz pi\u0119knie, gdy jeste\u015b w harmonii ze sob\u0105. Pomog\u0119 Tobie znale\u017a\u0107 i utrzyma\u0107 r\u00f3wnowag\u0119 &lt;3 Dzi\u0119ki Wellosophy odzyskasz rado\u015b\u0107, wdzi\u0119czno\u015b\u0107 i pozytywn\u0105 energi\u0119 B\u0105d\u017a sob\u0105! \u017byj Wellosophy!\" \/>\n<meta property=\"og:url\" content=\"http:\/\/mywellosophy.pl\/\" \/>\n<meta property=\"og:site_name\" content=\"mywellosophy\" \/>\n<meta property=\"article:publisher\" content=\"https:\/\/www.facebook.com\/mywellosophy\" \/>\n<meta property=\"article:modified_time\" content=\"2025-08-28T18:13:37+00:00\" \/>\n<meta name=\"twitter:card\" content=\"summary_large_image\" \/>\n<meta name=\"twitter:label1\" content=\"Szacowany czas czytania\" \/>\n\t<meta name=\"twitter:data1\" content=\"1 minuta\" \/>\n<script type=\"application\/ld+json\" class=\"yoast-schema-graph\">{\"@context\":\"https:\/\/schema.org\",\"@graph\":[{\"@type\":\"WebPage\",\"@id\":\"http:\/\/mywellosophy.pl\/\",\"url\":\"http:\/\/mywellosophy.pl\/\",\"name\":\"Strona g\u0142\u00f3wna - mywellosophy\",\"isPartOf\":{\"@id\":\"http:\/\/mywellosophy.pl\/#website\"},\"datePublished\":\"2025-08-12T17:00:31+00:00\",\"dateModified\":\"2025-08-28T18:13:37+00:00\",\"breadcrumb\":{\"@id\":\"http:\/\/mywellosophy.pl\/#breadcrumb\"},\"inLanguage\":\"pl-PL\",\"potentialAction\":[{\"@type\":\"ReadAction\",\"target\":[\"http:\/\/mywellosophy.pl\/\"]}]},{\"@type\":\"BreadcrumbList\",\"@id\":\"http:\/\/mywellosophy.pl\/#breadcrumb\",\"itemListElement\":[{\"@type\":\"ListItem\",\"position\":1,\"name\":\"Strona g\u0142\u00f3wna\",\"item\":\"http:\/\/mywellosophy.pl\/\"},{\"@type\":\"ListItem\",\"position\":2,\"name\":\"Strona g\u0142\u00f3wna\"}]},{\"@type\":\"WebSite\",\"@id\":\"http:\/\/mywellosophy.pl\/#website\",\"url\":\"http:\/\/mywellosophy.pl\/\",\"name\":\"mywellosophy\",\"description\":\"\",\"publisher\":{\"@id\":\"http:\/\/mywellosophy.pl\/#organization\"},\"potentialAction\":[{\"@type\":\"SearchAction\",\"target\":{\"@type\":\"EntryPoint\",\"urlTemplate\":\"http:\/\/mywellosophy.pl\/?s={search_term_string}\"},\"query-input\":{\"@type\":\"PropertyValueSpecification\",\"valueRequired\":true,\"valueName\":\"search_term_string\"}}],\"inLanguage\":\"pl-PL\"},{\"@type\":\"Organization\",\"@id\":\"http:\/\/mywellosophy.pl\/#organization\",\"name\":\"mywellosophy\",\"url\":\"http:\/\/mywellosophy.pl\/\",\"logo\":{\"@type\":\"ImageObject\",\"inLanguage\":\"pl-PL\",\"@id\":\"http:\/\/mywellosophy.pl\/#\/schema\/logo\/image\/\",\"url\":\"https:\/\/mywellosophy.pl\/wp-content\/uploads\/2025\/08\/cropped-Green-Natural-Organic-Health-Nature-Logo.png\",\"contentUrl\":\"https:\/\/mywellosophy.pl\/wp-content\/uploads\/2025\/08\/cropped-Green-Natural-Organic-Health-Nature-Logo.png\",\"width\":304,\"height\":250,\"caption\":\"mywellosophy\"},\"image\":{\"@id\":\"http:\/\/mywellosophy.pl\/#\/schema\/logo\/image\/\"},\"sameAs\":[\"https:\/\/www.facebook.com\/mywellosophy\"]}]}<\/script>\n<!-- \/ Yoast SEO plugin. -->","yoast_head_json":{"title":"Strona g\u0142\u00f3wna - mywellosophy","robots":{"index":"index","follow":"follow","max-snippet":"max-snippet:-1","max-image-preview":"max-image-preview:large","max-video-preview":"max-video-preview:-1"},"canonical":"http:\/\/mywellosophy.pl\/","og_locale":"pl_PL","og_type":"article","og_title":"Strona g\u0142\u00f3wna - mywellosophy","og_description":"\u017byjesz pi\u0119knie, gdy jeste\u015b w harmonii ze sob\u0105. Pomog\u0119 Tobie znale\u017a\u0107 i utrzyma\u0107 r\u00f3wnowag\u0119 &lt;3 Dzi\u0119ki Wellosophy odzyskasz rado\u015b\u0107, wdzi\u0119czno\u015b\u0107 i pozytywn\u0105 energi\u0119 B\u0105d\u017a sob\u0105! \u017byj Wellosophy!","og_url":"http:\/\/mywellosophy.pl\/","og_site_name":"mywellosophy","article_publisher":"https:\/\/www.facebook.com\/mywellosophy","article_modified_time":"2025-08-28T18:13:37+00:00","twitter_card":"summary_large_image","twitter_misc":{"Szacowany czas czytania":"1 minuta"},"schema":{"@context":"https:\/\/schema.org","@graph":[{"@type":"WebPage","@id":"http:\/\/mywellosophy.pl\/","url":"http:\/\/mywellosophy.pl\/","name":"Strona g\u0142\u00f3wna - mywellosophy","isPartOf":{"@id":"http:\/\/mywellosophy.pl\/#website"},"datePublished":"2025-08-12T17:00:31+00:00","dateModified":"2025-08-28T18:13:37+00:00","breadcrumb":{"@id":"http:\/\/mywellosophy.pl\/#breadcrumb"},"inLanguage":"pl-PL","potentialAction":[{"@type":"ReadAction","target":["http:\/\/mywellosophy.pl\/"]}]},{"@type":"BreadcrumbList","@id":"http:\/\/mywellosophy.pl\/#breadcrumb","itemListElement":[{"@type":"ListItem","position":1,"name":"Strona g\u0142\u00f3wna","item":"http:\/\/mywellosophy.pl\/"},{"@type":"ListItem","position":2,"name":"Strona g\u0142\u00f3wna"}]},{"@type":"WebSite","@id":"http:\/\/mywellosophy.pl\/#website","url":"http:\/\/mywellosophy.pl\/","name":"mywellosophy","description":"","publisher":{"@id":"http:\/\/mywellosophy.pl\/#organization"},"potentialAction":[{"@type":"SearchAction","target":{"@type":"EntryPoint","urlTemplate":"http:\/\/mywellosophy.pl\/?s={search_term_string}"},"query-input":{"@type":"PropertyValueSpecification","valueRequired":true,"valueName":"search_term_string"}}],"inLanguage":"pl-PL"},{"@type":"Organization","@id":"http:\/\/mywellosophy.pl\/#organization","name":"mywellosophy","url":"http:\/\/mywellosophy.pl\/","logo":{"@type":"ImageObject","inLanguage":"pl-PL","@id":"http:\/\/mywellosophy.pl\/#\/schema\/logo\/image\/","url":"https:\/\/mywellosophy.pl\/wp-content\/uploads\/2025\/08\/cropped-Green-Natural-Organic-Health-Nature-Logo.png","contentUrl":"https:\/\/mywellosophy.pl\/wp-content\/uploads\/2025\/08\/cropped-Green-Natural-Organic-Health-Nature-Logo.png","width":304,"height":250,"caption":"mywellosophy"},"image":{"@id":"http:\/\/mywellosophy.pl\/#\/schema\/logo\/image\/"},"sameAs":["https:\/\/www.facebook.com\/mywellosophy"]}]}},"_links":{"self":[{"href":"https:\/\/mywellosophy.pl\/index.php\/wp-json\/wp\/v2\/pages\/10","targetHints":{"allow":["GET"]}}],"collection":[{"href":"https:\/\/mywellosophy.pl\/index.php\/wp-json\/wp\/v2\/pages"}],"about":[{"href":"https:\/\/mywellosophy.pl\/index.php\/wp-json\/wp\/v2\/types\/page"}],"author":[{"embeddable":true,"href":"https:\/\/mywellosophy.pl\/index.php\/wp-json\/wp\/v2\/users\/1"}],"replies":[{"embeddable":true,"href":"https:\/\/mywellosophy.pl\/index.php\/wp-json\/wp\/v2\/comments?post=10"}],"version-history":[{"count":3,"href":"https:\/\/mywellosophy.pl\/index.php\/wp-json\/wp\/v2\/pages\/10\/revisions"}],"predecessor-version":[{"id":95,"href":"https:\/\/mywellosophy.pl\/index.php\/wp-json\/wp\/v2\/pages\/10\/revisions\/95"}],"wp:attachment":[{"href":"https:\/\/mywellosophy.pl\/index.php\/wp-json\/wp\/v2\/media?parent=10"}],"curies":[{"name":"wp","href":"https:\/\/api.w.org\/{rel}","templated":true}]}}